r of n and 12.
12
Let r(b) be the second derivative of -2*b**3/3 + 18*b**2 - 35*b. Let u be r(-19). What is the greatest common divisor of u and 8?
8
Let j(g) = -g**3 - 10*g**2 + 14*g + 23. Let q be j(-14). Let l = 1512 - q. Calculate the greatest common divisor of 34 and l.
17
Let g(z) = -z**3 + 11*z**2 - 9*z - 9. Let i be g(10). Let v be 5 + 155/(-30) + 73/6. Suppose v = 5*w - 3. What is the greatest common divisor of i and w?
1
Let x(k) = 3*k**2 + 33*k - 120. Let d be x(-44). Calculate the highest common divisor of 12 and d.
12
Suppose 4*a - 108 = -3*d, 2*d + 18*a = 13*a + 79. Let q(u) = -u**2 + 39*u - 49. Let y be q(d). Calculate the highest common factor of 7 and y.
7
Let z = 681 - 587. Suppose 0 = 2*s + 4*b - 298, 2*s - 175 - 95 = 3*b. What is the greatest common divisor of s and z?
47
Let b be 4 + -2 + 4 + -1. Let x(y) = y**2 + 38*y + 218. Let k be x(-7). Calculate the highest common factor of k and b.
1
Suppose -2568 = -10*a + 452. Suppose 4*r - 2*k - a = 0, 3 + 2 = -5*k. Let g = 7 - -23. Calculate the greatest common factor of r and g.
15
Suppose y = -4, -34*r + 31*r = y - 806. What is the greatest common factor of r and 645?
15
Let o(i) be the third derivative of 0*i + 25/8*i**4 - 8*i**2 + 0 - 11/3*i**3. Let a be o(2). What is the greatest common factor of 32 and a?
32
Let j = 38 - 29. Suppose 0 = -u - j*u + 4680. What is the highest common divisor of u and 36?
36
Suppose 5*y + 0 + 35 = 0. Let u be (3 - (-3 - y)) + 4. Suppose -3*l - k + 649 = u*k, 2*l = 5*k + 425. What is the highest common divisor of 86 and l?
43
Let g = 2000 - 1947. What is the highest common divisor of 7261 and g?
53
Let a be 11786/(-781)*33/(-6). What is the greatest common factor of a and 16600?
83
Let q be ((-16)/(-32))/((-2)/(-652)). Calculate the greatest common divisor of q and 31133.
163
Suppose q - 5*j - 398 = 0, -67*q + 5*j = -64*q - 1204. Calculate the greatest common divisor of q and 52.
13
Suppose 204 + 27 = 6*f + 3*t, 2*t - 2 = 0. Let l be (169/(-78) + (-2)/(-3))*-38. What is the highest common divisor of l and f?
19
Suppose 0 = 5*h + 86 - 446. Let f = 56 + -52. Suppose -2*o + 1 + 8 = m, -4*m + f*o + 36 = 0. Calculate the highest common divisor of h and m.
9
Suppose 360 = 6*p - 3*p. Let x be ((-6464)/(-2222))/((-4)/(-22)). Calculate the greatest common factor of p and x.
8
Let x = 15560 + -15486. Calculate the greatest common divisor of 14837 and x.
37
Let x be ((-8)/2)/(22/(-1408)). Suppose 5*r - 79 = -0*p - 4*p, 5*r - 15 = 0. Calculate the highest common factor of p and x.
16
Let k = -170 + -93. Let t = -231 - k. Calculate the highest common divisor of t and 32.
32
Suppose -4*p = u - 93, 5*p + 35*u = 32*u + 111. Calculate the greatest common factor of 384 and p.
24
Let u(z) = -38*z**2 - 458*z - 14. Let q be u(-12). Calculate the greatest common factor of 206 and q.
2
Let y(p) = -54*p + 2052 - 2032 + 16*p. Let z be y(-8). What is the greatest common divisor of z and 36?
36
Let n be (-1395)/(-6)*4/2. Suppose 3*i + 48 = -2*p + 75, -p + 20 = -5*i. Calculate the greatest common factor of n and p.
15
Let y be 16/24*-6 - (-2 + -106). Let b = 196 + y. Calculate the greatest common factor of b and 60.
60
Suppose -433 + 1027 = 33*m. Let u = -200 - -398. Calculate the greatest common factor of u and m.
18
Let z = 21 + -19. Suppose z*u = u + 5*g + 65, 3*u + 4*g = 119. Let w be (27/(-4))/(0 - 15/40). Calculate the greatest common factor of w and u.
9
Let k be 1950/2340 + 27638/12. What is the greatest common factor of 360 and k?
72
Let i be (31 + -20)*-1*(0 + -2). Let g = 19 + 15. Suppose g + 21 = w. What is the greatest common divisor of w and i?
11
Let w(y) = 4*y**2 + 103*y + 615. Let n be w(-7). Let t(s) = 2*s**2 - 4*s. Let o be t(-3). What is the greatest common factor of o and n?
30
Let o = -8077 - -8253. What is the highest common divisor of 550 and o?
22
Suppose 3*l - 11 = -4*d, 4*l - 3*d = -d + 22. Suppose 9*x = -u + 5*x + 59, 379 = l*u - x. What is the highest common factor of 3 and u?
3
Let o(k) = -11*k - 988. Let q be o(-92). What is the greatest common factor of q and 636?
12
Suppose -263*w + 52355 = -78*w. Calculate the greatest common factor of w and 3.
1
Suppose 6*j + 522 = 80*j - 45*j. Calculate the highest common divisor of 3609 and j.
9
Let a be 228*(-3 - 2)*64/(-1200)*40. Calculate the greatest common divisor of a and 228.
76
Suppose -10985 = -8*n + 8455. What is the greatest common factor of 20 and n?
10
Let y be 5/((-3)/((-36)/5)). Let j = 25 - 25. Suppose j = -5*l + 124 + 56. What is the highest common factor of y and l?
12
Suppose 215 = 4*h + 173*n - 178*n, 2*h = 2*n + 106. What is the highest common divisor of 3950 and h?
50
Suppose 2*b + 32 - 8 = 0. Suppose -13*d = -9*d + 112. Let u be (-120)/(-14) + b/d. What is the greatest common factor of u and 63?
9
Suppose 255*w - 246*w - 171 = 0. What is the greatest common factor of 494 and w?
19
Let b = -97 - -243. Suppose -b + 116 = -3*f. What is the greatest common factor of 65 and f?
5
Suppose 4*i = -0*i + 20. Suppose 0 = 2*s - 2*y - 2*y + 6, i*s = 5*y. Let x(w) = -302*w + 39903. Let v be x(132). Calculate the highest common factor of s and v.
3
Let p be (-3)/(-6) - 5/(-2). Let v be (-8)/(-6)*((-23 - -14) + 18). What is the greatest common divisor of v and p?
3
Suppose 4*i + 5*k - 21 = 0, -3*k - 22 = -3*i - 13. Suppose -i*v = -5*p - 104, 86 = 2*v - 2*p + 34. What is the greatest common divisor of 598 and v?
26
Let i(k) = -222*k + 8727. Let x be i(37). Calculate the greatest common factor of 3192 and x.
57
Let f be (8/2)/((-6)/87432*-2). Suppose 32*o = f - 7320. What is the greatest common factor of 62 and o?
62
Let a(t) be the first derivative of t**3 - 22*t**2 - 12*t - 41. Let b be a(15). Calculate the greatest common factor of 6 and b.
3
Let u = -271 + 274. Suppose -2*f = 5*y - 0*f - 98, -84 = -4*y - u*f. Suppose -6 = -2*q + q. Calculate the highest common divisor of y and q.
6
Suppose -5*y = -3*r - 12 - 20, -20 = -3*y + 2*r. Suppose 6*x = y*x - 2*p - 2, -3*x + 5*p + 21 = 0. What is the highest common divisor of x and 8?
2
Let k(n) = -14*n**2 - 145*n - 21. Let x be k(-10). What is the greatest common divisor of 2 and x?
1
Let l(t) = 2*t + 9. Let i = 32 - 26. Let s(x) = -18*x - 82. Let c(n) = i*s(n) + 52*l(n). Let h be c(-10). What is the greatest common factor of h and 144?
16
Suppose 0 = 27*s - 29*s + 2168. Let c = -279 + s. What is the greatest common divisor of 35 and c?
35
Let p = 42914 + -41786. Let j be (-776)/(-32) - (-1)/(-4). Calculate the highest common divisor of p and j.
24
Let z(h) = 30*h - 150. Let v be z(6). Suppose -336 = 22*j - v*j. Suppose s - 13 - 50 = 0. What is the greatest common factor of s and j?
21
Let p = -2339 + 2420. Suppose 9 = -2*w + 3*w. What is the highest common divisor of p and w?
9
Let n be (-172)/946 - 1165/(-55). Let s be (-672)/(-2) + (2 - 2). Suppose 0 = -4*g + 2*g + s. What is the greatest common divisor of n and g?
21
Let d = -663 - -1259. Suppose -8*h + d = 148. What is the highest common factor of 28 and h?
28
Let f = -132 + 116. Let l be 260/16 + (-12)/f. What is the highest common factor of 153 and l?
17
Let v(y) = -6*y - 4. Let m be v(6). Let x be 3*m/(-15) - 4. Suppose 111 + 197 = x*i. What is the highest common factor of i and 7?
7
Let a(y) = -644*y + 1344. Let p be a(-12). What is the highest common divisor of p and 112?
112
Let n = -107 + 83. Let f be (-1)/(3 - 9) - (-52)/n. Let r be ((-3)/(f - 7))/(2/84). Calculate the greatest common divisor of 7 and r.
7
Let i = 419 - 104. Let d = i - 281. Calculate the highest common divisor of 1 and d.
1
Let r = 939 + -935. What is the highest common divisor of 2036 and r?
4
Suppose 307*i = 4212 + 2235. What is the greatest common divisor of i and 2779?
7
Let c be ((-7)/(-21))/(-1 - 134/(-132)). Suppose 0 = 4*a + 7*a - c. Suppose -9*v = -a*v - 2926. What is the highest common divisor of v and 38?
38
Suppose 3*k = -3 + 6. Suppose 2*x = 2*g + 172, -2*x + g + 174 = -0*g. Suppose 12*j - j - x = 0. Calculate the greatest common factor of j and k.
1
Let o(r) = 29*r. Let w be o(1). Let j be 14/(-4)*1*(-85376)/1288. What is the greatest common divisor of w and j?
29
Let d(m) = 3*m**2 - 6*m + 6. Let b be d(6). Suppose 11*g - 12*g = v - 41, -2*g = -2*v - b. What is the greatest common divisor of g and 100?
2